43, 73
What are the prime factors of 71667?
3, 7963
What are the prime factors of 926?
2, 463
What are the prime factors of 3970?
2, 5, 397
What are the prime factors of 34?
2, 17
List the prime factors of 4655.
5, 7, 19
List the prime factors of 7804.
2, 1951
What are the prime factors of 2008?
2, 251
What are the prime factors of 10583?
19, 557
List the prime factors of 125187.
3, 41729
What are the prime factors of 9530?
2, 5, 953
List the prime factors of 1060.
2, 5, 53
List the prime factors of 25359.
3, 79, 107
List the prime factors of 108352.
2, 1693
List the prime factors of 4220.
2, 5, 211
What are the prime factors of 42956?
2, 10739
List the prime factors of 939.
3, 313
What are the prime factors of 63860?
2, 5, 31, 103
List the prime factors of 9864.
2, 3, 137
What are the prime factors of 1184?
2, 37
What are the prime factors of 43231?
17, 2543
List the prime factors of 691.
691
What are the prime factors of 5526?
2, 3, 307
List the prime factors of 355.
5, 71
What are the prime factors of 1304?
2, 163
What are the prime factors of 9242?
2, 4621
What are the prime factors of 13796?
2, 3449
List the prime factors of 486.
2, 3
List the prime factors of 1746.
2, 3, 97
List the prime factors of 2005.
5, 401
List the prime factors of 1543.
1543
List the prime factors of 108932.
2, 113, 241
List the prime factors of 29060.
2, 5, 1453
List the prime factors of 244.
2, 61
List the prime factors of 137724.
2, 3, 23, 499
What are the prime factors of 626?
2, 313
List the prime factors of 5463.
3, 607
What are the prime factors of 24996?
2, 3, 2083
What are the prime factors of 3372?
2, 3, 281
What are the prime factors of 78547?
7, 229
List the prime factors of 60460.
2, 5, 3023
What are the prime factors of 555?
3, 5, 37
What are the prime factors of 4217?
4217
List the prime factors of 1328.
2, 83
What are the prime factors of 878?
2, 439
What are the prime factors of 48507?
3, 19, 23, 37
What are the prime factors of 173583?
3, 2143
What are the prime factors of 2685?
3, 5, 179
What are the prime factors of 49314?
2, 3, 8219
List the prime factors of 291.
3, 97
What are the prime factors of 107424?
2, 3, 373
What are the prime factors of 74036?
2, 83, 223
What are the prime factors of 1574?
2, 787
List the prime factors of 5191.
29, 179
What are the prime factors of 4526?
2, 31, 73
What are the prime factors of 1224?
2, 3, 17
What are the prime factors of 1150?
2, 5, 23
List the prime factors of 654.
2, 3, 109
List the prime factors of 2011.
2011
What are the prime factors of 1431?
3, 53
List the prime factors of 4533.
3, 1511
List the prime factors of 646.
2, 17, 19
What are the prime factors of 9798?
2, 3, 23, 71
List the prime factors of 6972.
2, 3, 7, 83
List the prime factors of 1025.
5, 41
What are the prime factors of 31?
31
List the prime factors of 1443.
3, 13, 37
List the prime factors of 1465.
5, 293
What are the prime factors of 751?
751
What are the prime factors of 17979?
3, 13, 461
List the prime factors of 22672.
2, 13, 109
What are the prime factors of 18514?
2, 9257
List the prime factors of 1026.
2, 3, 19
What are the prime factors of 4406?
2, 2203
What are the prime factors of 1341?
3, 149
List the prime factors of 1136.
2, 71
List the prime factors of 48515.
5, 31, 313
List the prime factors of 26079.
3, 8693
List the prime factors of 529.
23
List the prime factors of 1949.
1949
What are the prime factors of 17672?
2, 47
List the prime factors of 22797.
3, 17, 149
List the prime factors of 917.
7, 131
List the prime factors of 1449.
3, 7, 23
What are the prime factors of 2390?
2, 5, 239
List the prime factors of 1563.
3, 521
List the prime factors of 23415.
3, 5, 7, 223
What are the prime factors of 24583?
13, 31, 61
List the prime factors of 10016.
2, 313
List the prime factors of 5875.
5, 47
List the prime factors of 1655.
5, 331
List the prime factors of 108491.
23, 53, 89
What are the prime factors of 4613?
7, 659
What are the prime factors of 2953?
2953
What are the prime factors of 110039?
110039
List the prime factors of 22443.
3, 7481
What are the prime factors of 556?
2, 139
List the prime factors of 18178.
2, 61, 149
What are the prime factors of 1262?
2, 631
List the prime factors of 51950.
2, 5, 1039
What are the prime factors of 903?
3, 7, 43
What are the prime factors of 514?
2, 257
What are the prime factors of 70331?
53, 1327
List the prime factors of 31431.
3, 10477
List the prime factors of 7435.
5, 1487
What are the prime factors of 4645?
5, 929
What are the prime factors of 122009?
17, 7177
List the prime factors of 19759.
19759
What are the prime factors of 18489?
3, 6163
What are the prime factors of 1406?
2, 19, 37
What are the prime factors of 55130?
2, 5, 37, 149
What are the prime factors of 4860?
2, 3, 5
List the prime factors of 41849.
41849
What are the prime factors of 2902?
2, 1451
What are the prime factors of 1916?
2, 479
What are the prime factors of 18440?
2, 5, 461
What are the prime factors of 26504?
2, 3313
List the prime factors of 1734.
2, 3, 17
List the prime factors of 2488.
2, 311
List the prime factors of 2549.
2549
List the prime factors of 1702.
2, 23, 37
What are the prime factors of 600?
2, 3, 5
List the prime factors of 13098.
2, 3, 37, 59
What are the prime factors of 1136?
2, 71
List the prime factors of 2752.
2, 43
List the prime factors of 26860.
2, 5, 17, 79
List the prime factors of 1874.
2, 937
What are the prime factors of 12395?
5, 37, 67
List the prime factors of 455.
5, 7, 13
List the prime factors of 1475.
5, 59
What are the prime factors of 10145?
5, 2029
List the prime factors of 11161.
11161
List the prime factors of 27201.
3, 9067
What are the prime factors of 38731?
7, 11, 503
List the prime factors of 1663.
1663
What are the prime factors of 118?
2, 59
List the prime factors of 19998.
2, 3, 11, 101
What are the prime factors of 275?
5, 11
What are the prime factors of 12423?
3, 41, 101
List the prime factors of 938.
2, 7, 67
What are the prime factors of 1260?
2, 3, 5, 7
List the prime factors of 11401.
13, 877
List the prime factors of 2345.
5, 7, 67
What are the prime factors of 138?
2, 3, 23
What are the prime factors of 2344?
2, 293
List the prime factors of 9217.
13, 709
List the prime factors of 133153.
133153
List the prime factors of 73901.
67, 1103
List the prime factors of 1874.
2, 937
List the prime factors of 3844.
2, 31
List the prime factors of 16311.
3, 5437
What are the prime factors of 2907?
3, 17, 19
List the prime factors of 89724.
2, 3, 7477
List the prime factors of 4620.
2, 3, 5, 7, 11
List the prime factors of 10861.
10861
List the prime factors of 1620.
2, 3, 5
What are the prime factors of 44688?
2, 3, 7, 19
What are the prime factors of 759?
3, 11, 23
List the prime factors of 321.
3, 107
List the prime factors of 6770.
2, 5, 677
List the prime factors of 15636.
2, 3, 1303
What are the prime factors of 11051?
43, 257
What are the prime factors of 1248?
2, 3, 13
What are the prime factors of 67210?
2, 5, 11, 13, 47
What are the prime factors of 888?
2, 3, 37
What are the prime factors of 18144?
2, 3, 7
What are the prime factors of 2611?
7, 373
List the prime factors of 13489.
7, 41, 47
What are the prime factors of 20548?
2, 11, 467
List the prime factors of 1543.
1543
What are the prime factors of 6480?
2, 3, 5
List the prime factors of 3728.
2, 233
List the prime factors of 2566.
2, 1283
What are the prime factors of 51914?
2, 101, 257
List the prime factors of 1123.
1123
List the prime factors of 11123.
7, 227
What are the prime factors of 41667?
3, 17, 19, 43
What are the prime factors of 9556?
2, 2389
List the prime factors of 1379.
7, 197
What are the prime factors of 1120?
2, 5, 7
List the prime factors of 658.
2, 7, 47
List the prime factors of 3955.
5, 7, 113
List the prime factors of 249.
3, 83
What are the prime factors of 1053?
3, 13
List the prime factors of 758.
2, 379
List the prime factors of 6331.
13, 487
List the prime factors of 10719.
3, 397
List the prime factors of 1792.
2, 7
List the prime factors of 10144.
2, 317
What are the prime factors of 2231?
23, 97
List the prime factors of 872.
2, 109
List the prime factors of 4860.
2, 3, 5
List the prime factors of 17261.
41, 421
What are the prime fact